{"id":12096,"date":"2026-01-28T23:24:05","date_gmt":"2026-01-28T23:24:05","guid":{"rendered":"https:\/\/grupoplasma.com\/netcom\/?post_type=product&#038;p=12096"},"modified":"2026-01-28T23:24:05","modified_gmt":"2026-01-28T23:24:05","slug":"cable-usb-3-0-a-usb-micro-b-de-30-centimetros","status":"publish","type":"product","link":"https:\/\/grupoplasma.com\/netcom\/producto\/cable-usb-3-0-a-usb-micro-b-de-30-centimetros\/","title":{"rendered":"Cable USB 3.0 a USB Micro-B de 30 Cent\u00edmetros"},"content":{"rendered":"<p>Este cable USB 3.0 AM a USB Micro-B calidad premium de 30 cm est\u00e1 dise\u00f1ado para conectar un disco duro externo USB 3.0, un smartphone, una tableta o una c\u00e1mara que soporta puerto USB 3.0 Micro-B a un ordenador o cargador USB para una transferencia de datos r\u00e1pida o carga r\u00e1pida. Mayormente es utilizado para discos duros USB externos como Western Digital Elements, WD My Passport, Seagate 2TB Expansi\u00f3n, Seagate Plus, Adata SD700 SSD externa, etc. que son con puerto Micro USB 3.0, pero tambi\u00e9n es ideal para smartphones, tabletas y c\u00e1maras como Samsung Galaxy S5, Galaxy Note 3, Galaxy Note Pro 12.2, Nokia Lumia 2520, Pentax, entre otros.<\/p>\n<p>El USB 3.0 puede proporcionar una velocidad de transferencia de datos super r\u00e1pida de hasta 5 Gbps, 10 veces m\u00e1s r\u00e1pido que los cables USB 2.0, tambi\u00e9n es compatible con dispositivos est\u00e1ndar USB 2.0 y USB 1.1. es r\u00e1pido descargar videos HD o Juegos.<\/p>\n<p>Cuenta con chaqueta de metal, conectores 24K chapados en oro, Cubierta de PVC con nylon trenzado reforzado que protegen el cord\u00f3n, el conector contra la flexi\u00f3n y grietas cuando se enrolla.<\/p>\n<p>Dise\u00f1ado para brindar alta calidad en transferencia de datos, as\u00ed como una conexi\u00f3n duradera y confiable.<\/p>\n","protected":false},"excerpt":{"rendered":"<p>Este cable USB 3.0 AM a USB Micro-B calidad premium de 30 cm est\u00e1 dise\u00f1ado para conectar un disco duro externo USB 3.0, un smartphone, una tableta o una c\u00e1mara que soporta puerto USB 3.0 Micro-B a un ordenador o cargador USB para una transferencia de datos r\u00e1pida o carga r\u00e1pida. Mayormente es utilizado para discos duros USB externos como Western Digital Elements, WD My Passport, Seagate 2TB Expansi\u00f3n, Seagate Plus, Adata SD700 SSD externa, etc. que son con puerto Micro USB 3.0, pero tambi\u00e9n es ideal para smartphones, tabletas y c\u00e1maras como Samsung Galaxy S5, Galaxy Note 3, Galaxy Note Pro 12.2, Nokia Lumia 2520, Pentax, entre otros.<\/p>\n<ul>\n<li>Marca: NETCOM.<\/li>\n<li>Modelo: PE-CA1001.<\/li>\n<\/ul>\n<p>Marca 100% peruana, producto avalado por la garant\u00eda de NETCOM y con soporte t\u00e9cnico gratuito de por vida.<\/p>\n","protected":false},"featured_media":12097,"template":"","meta":[],"product_brand":[],"product_cat":[146,160],"product_tag":[],"class_list":{"0":"post-12096","1":"product","2":"type-product","3":"status-publish","4":"has-post-thumbnail","6":"product_cat-cables","7":"product_cat-cables-usb-3-0","10":"first","11":"instock","12":"shipping-taxable","13":"product-type-simple"},"_links":{"self":[{"href":"https:\/\/grupoplasma.com\/netcom\/wp-json\/wp\/v2\/product\/12096","targetHints":{"allow":["GET"]}}],"collection":[{"href":"https:\/\/grupoplasma.com\/netcom\/wp-json\/wp\/v2\/product"}],"about":[{"href":"https:\/\/grupoplasma.com\/netcom\/wp-json\/wp\/v2\/types\/product"}],"wp:featuredmedia":[{"embeddable":true,"href":"https:\/\/grupoplasma.com\/netcom\/wp-json\/wp\/v2\/media\/12097"}],"wp:attachment":[{"href":"https:\/\/grupoplasma.com\/netcom\/wp-json\/wp\/v2\/media?parent=12096"}],"wp:term":[{"taxonomy":"product_brand","embeddable":true,"href":"https:\/\/grupoplasma.com\/netcom\/wp-json\/wp\/v2\/product_brand?post=12096"},{"taxonomy":"product_cat","embeddable":true,"href":"https:\/\/grupoplasma.com\/netcom\/wp-json\/wp\/v2\/product_cat?post=12096"},{"taxonomy":"product_tag","embeddable":true,"href":"https:\/\/grupoplasma.com\/netcom\/wp-json\/wp\/v2\/product_tag?post=12096"}],"curies":[{"name":"wp","href":"https:\/\/api.w.org\/{rel}","templated":true}]}}