{"id":11457,"date":"2025-08-27T20:53:22","date_gmt":"2025-08-27T20:53:22","guid":{"rendered":"https:\/\/grupoplasma.com\/netcom\/?post_type=product&#038;p=11457"},"modified":"2025-08-27T20:53:22","modified_gmt":"2025-08-27T20:53:22","slug":"cargador-de-pared-usb-qc-3-0","status":"publish","type":"product","link":"https:\/\/grupoplasma.com\/netcom\/producto\/cargador-de-pared-usb-qc-3-0\/","title":{"rendered":"Cargador de Pared USB QC 3.0"},"content":{"rendered":"<p>Este cargador r\u00e1pido QC 3.0 cuenta con el sistema Quick Charge 3.0 de Qualcomm, que se denomina como INOV: Negociaci\u00f3n Inteligente para la Obtenci\u00f3n del Voltaje \u00d3ptimo.<\/p>\n<p>La tecnolog\u00eda de carga r\u00e1pida QC 3,0 proporciona una potencia de carga de salida m\u00e1xima de 18W, admite voltaje de entre 100V-240V con 3 tipos de salida 5V\/3A, 9V\/2A, 12V\/1.5A , se maximiza los rendimientos de carga en menos tiempo con menor calentamiento, al mismo tiempo sin reduce la eficiencia o degrada las bater\u00edas.<\/p>\n<p>Con Quick Charge 3.0, el cargador puede cargar una bater\u00eda de 2800 mAh desde 0 hasta el 80% en tan solo 35 minutos, lo que promete una velocidad de 27% m\u00e1s r\u00e1pido que Cargador r\u00e1pido QC 2.0, y 4 veces m\u00e1s r\u00e1pido que la carga convencional.<\/p>\n<p>Cargador de pared seguro y fiable: El sistema de circuito inteligente puede detener autom\u00e1ticamente la carga cuando la energ\u00eda est\u00e1 llena y proporcionar una protecci\u00f3n de carga m\u00e1s segura para sus dispositivos, como protecci\u00f3n contra condiciones de trabajo extremas (como sobrecarga\/sobrecorriente\/sobrecalentamiento). Tambi\u00e9n proporciona un PC m\u00e1s seguro + material ign\u00edfugo ABS para proteger sus dispositivos.<\/p>\n<p>Notas:<\/p>\n<ol>\n<li>No admite carga r\u00e1pida en dispositivos de la serie Google Pixel.<\/li>\n<\/ol>\n<p>2.La velocidad de carga puede variar seg\u00fan los diferentes dispositivos del tel\u00e9fono.<\/p>\n","protected":false},"excerpt":{"rendered":"<p>Este cargador r\u00e1pido QC 3.0 cuenta con el sistema Quick Charge 3.0 de Qualcomm, que se denomina como INOV: Negociaci\u00f3n Inteligente para la Obtenci\u00f3n del Voltaje \u00d3ptimo.<\/p>\n<p>La tecnolog\u00eda de carga r\u00e1pida QC 3,0 proporciona una potencia de carga de salida m\u00e1xima de 18W, admite voltaje de entre 100V-240V con 3 tipos de salida 5V\/3A, 9V\/2A, 12V\/1.5A , se maximiza los rendimientos de carga en menos tiempo con menor calentamiento, al mismo tiempo sin reduce la eficiencia o degrada las bater\u00edas.<\/p>\n<p>Marca: NETCOM.<\/p>\n<p>Modelo: PE-HC0098.<\/p>\n<p>Marca 100% peruana, producto avalado por la garant\u00eda de <strong>NETCOM<\/strong> y con soporte t\u00e9cnico gratuito de por vida.<\/p>\n","protected":false},"featured_media":11458,"template":"","meta":[],"product_brand":[],"product_cat":[176],"product_tag":[],"class_list":{"0":"post-11457","1":"product","2":"type-product","3":"status-publish","4":"has-post-thumbnail","6":"product_cat-cargadores","9":"first","10":"instock","11":"shipping-taxable","12":"product-type-simple"},"_links":{"self":[{"href":"https:\/\/grupoplasma.com\/netcom\/wp-json\/wp\/v2\/product\/11457","targetHints":{"allow":["GET"]}}],"collection":[{"href":"https:\/\/grupoplasma.com\/netcom\/wp-json\/wp\/v2\/product"}],"about":[{"href":"https:\/\/grupoplasma.com\/netcom\/wp-json\/wp\/v2\/types\/product"}],"wp:featuredmedia":[{"embeddable":true,"href":"https:\/\/grupoplasma.com\/netcom\/wp-json\/wp\/v2\/media\/11458"}],"wp:attachment":[{"href":"https:\/\/grupoplasma.com\/netcom\/wp-json\/wp\/v2\/media?parent=11457"}],"wp:term":[{"taxonomy":"product_brand","embeddable":true,"href":"https:\/\/grupoplasma.com\/netcom\/wp-json\/wp\/v2\/product_brand?post=11457"},{"taxonomy":"product_cat","embeddable":true,"href":"https:\/\/grupoplasma.com\/netcom\/wp-json\/wp\/v2\/product_cat?post=11457"},{"taxonomy":"product_tag","embeddable":true,"href":"https:\/\/grupoplasma.com\/netcom\/wp-json\/wp\/v2\/product_tag?post=11457"}],"curies":[{"name":"wp","href":"https:\/\/api.w.org\/{rel}","templated":true}]}}