{"id":11339,"date":"2025-06-06T19:51:55","date_gmt":"2025-06-06T19:51:55","guid":{"rendered":"https:\/\/grupoplasma.com\/netcom\/?post_type=product&#038;p=11339"},"modified":"2025-06-06T19:51:55","modified_gmt":"2025-06-06T19:51:55","slug":"adaptador-otg-v3-2-usb-a-macho-a-usb-c-hembra","status":"publish","type":"product","link":"https:\/\/grupoplasma.com\/netcom\/producto\/adaptador-otg-v3-2-usb-a-macho-a-usb-c-hembra\/","title":{"rendered":"Adaptador OTG V3.2 USB-A Macho a USB-C Hembra"},"content":{"rendered":"<p>El adaptador USB A a USB C adopta el est\u00e1ndar USB 3.2 Gen2, proporcionando velocidades de transmisi\u00f3n de datos de hasta 10Gbps. Transfiere m\u00fasica, pel\u00edculas o temporadas completas de programas de televisi\u00f3n en segundos con velocidad de 10 Gbps. Conectores superiores dise\u00f1ados para una mayor durabilidad, los conectores USB-A macho y hembra USB-C 3.2 Gen2 est\u00e1n dise\u00f1ados para conectarse y desconectarse hasta 10.000 veces, b\u00e1sicamente de por vida.<\/p>\n<p>Compacto y port\u00e1til, plug and play, no requiere controlador; estructura simple, ligera y de portabilidad, no ocupa espacio cuando sales. Material de aluminio, acabado en gris espacial y fabricado con aluminio premium resistente a las rayaduras, el adaptador no solo se combina perfectamente con tu MacBook Pro, sino que tambi\u00e9n resiste el desgaste del uso diario. Amplia compatibilidad, este adaptador USB a USB C 3.2 Gen2 es compatible con PC de escritorio, port\u00e1tiles normales con puerto USB A. La interfaz USB-C hembra es compatible con dispositivos habilitados para tipo C como VR Quest Link Cable, PlayStation, lector de tarjetas, unidad flash USB, disco duro, mouse, teclado, impresora, esc\u00e1ner, c\u00e1mara, etc.<\/p>\n","protected":false},"excerpt":{"rendered":"<p>El adaptador USB A a USB C adopta el est\u00e1ndar USB 3.2 Gen2, proporcionando velocidades de transmisi\u00f3n de datos de hasta 10Gbps. Transfiere m\u00fasica, pel\u00edculas o temporadas completas de programas de televisi\u00f3n en segundos con velocidad de 10 Gbps. Conectores superiores dise\u00f1ados para una mayor durabilidad, los conectores USB-A macho y hembra USB-C 3.2 Gen2 est\u00e1n dise\u00f1ados para conectarse y desconectarse hasta 10.000 veces, b\u00e1sicamente de por vida.<\/p>\n<p>Marca: NETCOM.<\/p>\n<p>Modelo: PE-UC0031.<\/p>\n<p>Marca 100% peruana, producto avalado por la garant\u00eda de NETCOM y con soporte t\u00e9cnico gratuito de por vida.<\/p>\n","protected":false},"featured_media":11340,"template":"","meta":[],"product_brand":[],"product_cat":[147,162],"product_tag":[],"class_list":{"0":"post-11339","1":"product","2":"type-product","3":"status-publish","4":"has-post-thumbnail","6":"product_cat-adaptadores","7":"product_cat-adaptadores-usb","10":"first","11":"instock","12":"shipping-taxable","13":"product-type-simple"},"_links":{"self":[{"href":"https:\/\/grupoplasma.com\/netcom\/wp-json\/wp\/v2\/product\/11339","targetHints":{"allow":["GET"]}}],"collection":[{"href":"https:\/\/grupoplasma.com\/netcom\/wp-json\/wp\/v2\/product"}],"about":[{"href":"https:\/\/grupoplasma.com\/netcom\/wp-json\/wp\/v2\/types\/product"}],"wp:featuredmedia":[{"embeddable":true,"href":"https:\/\/grupoplasma.com\/netcom\/wp-json\/wp\/v2\/media\/11340"}],"wp:attachment":[{"href":"https:\/\/grupoplasma.com\/netcom\/wp-json\/wp\/v2\/media?parent=11339"}],"wp:term":[{"taxonomy":"product_brand","embeddable":true,"href":"https:\/\/grupoplasma.com\/netcom\/wp-json\/wp\/v2\/product_brand?post=11339"},{"taxonomy":"product_cat","embeddable":true,"href":"https:\/\/grupoplasma.com\/netcom\/wp-json\/wp\/v2\/product_cat?post=11339"},{"taxonomy":"product_tag","embeddable":true,"href":"https:\/\/grupoplasma.com\/netcom\/wp-json\/wp\/v2\/product_tag?post=11339"}],"curies":[{"name":"wp","href":"https:\/\/api.w.org\/{rel}","templated":true}]}}