{"id":11251,"date":"2025-05-12T18:43:03","date_gmt":"2025-05-12T18:43:03","guid":{"rendered":"https:\/\/grupoplasma.com\/netcom\/?post_type=product&#038;p=11251"},"modified":"2025-05-12T18:43:03","modified_gmt":"2025-05-12T18:43:03","slug":"cable-hdmi-slim-nylon-version-2-0-de-1-metro","status":"publish","type":"product","link":"https:\/\/grupoplasma.com\/netcom\/producto\/cable-hdmi-slim-nylon-version-2-0-de-1-metro\/","title":{"rendered":"Cable HDMI Slim Nylon Versi\u00f3n 2.0 de 1 Metro"},"content":{"rendered":"<p>Este cable premium ultra delgado HDMI a HDMI (macho a macho), es un cable de calidad superior que le permite transmitir audio y v\u00eddeo desde una c\u00e1mara, tablet o port\u00e1til a trav\u00e9s del puerto HDMI a su HDTV o proyector con puerto HDMI, le permite jugar en su pantalla grande de HDTV o compartir v\u00eddeo y audio digital de alta definici\u00f3n con su familia y amigos.<\/p>\n<p>El cable HDMI a HDMI version 2.0 cuenta con ARC (canal de retorno de audio mejorado) para entregar directamente audio sin compresi\u00f3n, sin p\u00e9rdida y de resoluci\u00f3n completa (como Dolby Atmos, DTS: X) desde la TV a la barra de sonido \/ receptor de AV. No necesita ning\u00fan cable de audio adicional. Adem\u00e1s, es compatible con HEC (canal Ethernet HDMI) y permite que m\u00faltiples dispositivos habilitados para Ethernet intercambien archivos sin necesidad de cables Ethernet espec\u00edficos. Tiene una cubierta de PVC y nailon trenzado que puede resistir m\u00e1s de 16,000 pruebas de flexi\u00f3n. Los conectores chapados en oro y carcasa de aluminio brindan la m\u00e1xima protecci\u00f3n para evitar interferencias de se\u00f1ales externas y garantizar una transmisi\u00f3n r\u00e1pida de se\u00f1ales de audio y video digital de alta definici\u00f3n.<\/p>\n<p><strong>Mas Especificaciones:<\/strong><\/p>\n<p>Longitud: 1 metro.<\/p>\n<p>Conductor: Ox\u00edgeno de cobre libre de hal\u00f3geno.<\/p>\n<p>Conector: tipo A \u2013 A pin 19 + 1.<\/p>\n<p>Di\u00e1metro: OD 4.8mm Ambiental, 32AWG.<\/p>\n<p>Materiales: Cubierta de PVC forrado en nailon, chaqueta de metal y conectores 24K chapados en oro.<\/p>\n<p>Compatibilidad: Admite todos los dispositivos HDMI.<\/p>\n<p>Resoluci\u00f3n m\u00e1xima: Ultra HD 4K@60Hz.<\/p>\n<p>Versi\u00f3n: HDMI 2.0, compatible con versiones anteriores de HDMI 1.4 \/ 1.3.<\/p>\n<p>Velocidad de transmisi\u00f3n: 18Gbps.<\/p>\n<p>Admite HDR (\u00abHigh Dynamic Range\u00bb, alto rango din\u00e1mico).<\/p>\n<p>Admite contenido 3D, compatible con HDCP 2.2.<\/p>\n<p>Ethernet: Apoyo Ethernet Digital de canal de retorno de audio.<\/p>\n<p>Nivel de protecci\u00f3n: Triple.<\/p>\n<p>Temperatura: -20\u2103 ~ 60\u2103.<\/p>\n<p>Tensi\u00f3n nominal: 30 V.<\/p>\n","protected":false},"excerpt":{"rendered":"<p>Este cable premium ultra delgado HDMI a HDMI (macho a macho), es un cable de calidad superior que le permite transmitir audio y v\u00eddeo desde una c\u00e1mara, tablet o port\u00e1til a trav\u00e9s del puerto HDMI a su HDTV o proyector con puerto HDMI, le permite jugar en su pantalla grande de HDTV o compartir v\u00eddeo y audio digital de alta definici\u00f3n con su familia y amigos.<\/p>\n<p>Marca: NETCOM.<\/p>\n<p>Modelo: PE-HD0881.<\/p>\n<p>Marca 100% peruana, producto avalado por la garant\u00eda de NETCOM y con soporte t\u00e9cnico gratuito de por vida.<\/p>\n","protected":false},"featured_media":11243,"template":"","meta":[],"product_brand":[],"product_cat":[120],"product_tag":[],"class_list":{"0":"post-11251","1":"product","2":"type-product","3":"status-publish","4":"has-post-thumbnail","6":"product_cat-ofertas","9":"first","10":"instock","11":"shipping-taxable","12":"product-type-simple"},"_links":{"self":[{"href":"https:\/\/grupoplasma.com\/netcom\/wp-json\/wp\/v2\/product\/11251","targetHints":{"allow":["GET"]}}],"collection":[{"href":"https:\/\/grupoplasma.com\/netcom\/wp-json\/wp\/v2\/product"}],"about":[{"href":"https:\/\/grupoplasma.com\/netcom\/wp-json\/wp\/v2\/types\/product"}],"wp:featuredmedia":[{"embeddable":true,"href":"https:\/\/grupoplasma.com\/netcom\/wp-json\/wp\/v2\/media\/11243"}],"wp:attachment":[{"href":"https:\/\/grupoplasma.com\/netcom\/wp-json\/wp\/v2\/media?parent=11251"}],"wp:term":[{"taxonomy":"product_brand","embeddable":true,"href":"https:\/\/grupoplasma.com\/netcom\/wp-json\/wp\/v2\/product_brand?post=11251"},{"taxonomy":"product_cat","embeddable":true,"href":"https:\/\/grupoplasma.com\/netcom\/wp-json\/wp\/v2\/product_cat?post=11251"},{"taxonomy":"product_tag","embeddable":true,"href":"https:\/\/grupoplasma.com\/netcom\/wp-json\/wp\/v2\/product_tag?post=11251"}],"curies":[{"name":"wp","href":"https:\/\/api.w.org\/{rel}","templated":true}]}}