{"id":11168,"date":"2025-04-07T18:18:43","date_gmt":"2025-04-07T18:18:43","guid":{"rendered":"https:\/\/grupoplasma.com\/netcom\/?post_type=product&#038;p=11168"},"modified":"2025-04-07T18:18:43","modified_gmt":"2025-04-07T18:18:43","slug":"adaptador-premium-usb-5-en-2","status":"publish","type":"product","link":"https:\/\/grupoplasma.com\/netcom\/producto\/adaptador-premium-usb-5-en-2\/","title":{"rendered":"Adaptador Premium USB 5 en 2"},"content":{"rendered":"<p>Este adaptador universal premium de NETCOM USB 5 en 2 expande la limitada conectividad USB AM o USB-C de tu ordenador con: Tres puertos de salida USB 3.0, un puerto Gigabit Ethernet (puerto Rj45) y un puerto de carga USB-C para transferencia de datos o carga. Fuerte resistencia al calor ya que adopta un acabado ionizado de aleaci\u00f3n de aluminio uni-cuerpo, elegante y compacto, compatible con Plug and Play, no necesita instalar controladores. El producto incluye un adaptador extra de USB C a USB tipo A lo que convierte este hub USB-C en un hub USB para dispositivos con puertos USB-A incorporados. Pueden conectar al mouse, teclado, lector de tarjetas de c\u00e1mara, disco U, etc. Al mismo tiempo, tambi\u00e9n puede cargar su dispositivo, cuando se usa un dispositivo inal\u00e1mbrico.<\/p>\n<p>El puerto RJ45 admite una transmisi\u00f3n de red m\u00e1xima de 1000 Mbps, lo que le permite disfrutar de alta red de velocidad. Utilice un adaptador multipuerto para conectar una computadora port\u00e1til o un dispositivo USB-C para brindar comodidad a su trabajo.<\/p>\n<p>Los puertos USB 3.0 pueden transferir datos a una tasa de s\u00faper velocidad de hasta 5Gbps. 10 veces m\u00e1s r\u00e1pido que el USB 2.0. Transfiera pel\u00edculas HD, fotos, canciones y archivos de gran tama\u00f1o en segundos.<\/p>\n<p><strong>Nota: <\/strong><\/p>\n<p>Si su sistema inform\u00e1tico es Windows 8.1 \/ 8 \/ 7 \/ XP, es posible que deba descargar e instalar el controlador.<\/p>\n","protected":false},"excerpt":{"rendered":"<p>Este adaptador universal premium de NETCOM USB 5 en 2 expande la limitada conectividad USB AM o USB-C de tu ordenador con: Tres puertos de salida USB 3.0, un puerto Gigabit Ethernet (puerto Rj45) y un puerto de carga USB-C para transferencia de datos o carga. Fuerte resistencia al calor ya que adopta un acabado ionizado de aleaci\u00f3n de aluminio uni-cuerpo, elegante y compacto, compatible con Plug and Play, no necesita instalar controladores. El producto incluye un adaptador extra de USB C a USB tipo A lo que convierte este hub USB-C en un hub USB para dispositivos con puertos USB-A incorporados. Pueden conectar al mouse, teclado, lector de tarjetas de c\u00e1mara, disco U, etc. Al mismo tiempo, tambi\u00e9n puede cargar su dispositivo, cuando se usa un dispositivo inal\u00e1mbrico.<\/p>\n<p>Marca: NETCOM<\/p>\n<p>Modelo: PE-TA0146<\/p>\n<p>Marca 100% peruana, producto avalado por la garant\u00eda de NETCOM y con soporte t\u00e9cnico gratuito de por vida.<\/p>\n","protected":false},"featured_media":11169,"template":"","meta":[],"product_brand":[],"product_cat":[147,162],"product_tag":[],"class_list":{"0":"post-11168","1":"product","2":"type-product","3":"status-publish","4":"has-post-thumbnail","6":"product_cat-adaptadores","7":"product_cat-adaptadores-usb","10":"first","11":"instock","12":"shipping-taxable","13":"product-type-simple"},"_links":{"self":[{"href":"https:\/\/grupoplasma.com\/netcom\/wp-json\/wp\/v2\/product\/11168","targetHints":{"allow":["GET"]}}],"collection":[{"href":"https:\/\/grupoplasma.com\/netcom\/wp-json\/wp\/v2\/product"}],"about":[{"href":"https:\/\/grupoplasma.com\/netcom\/wp-json\/wp\/v2\/types\/product"}],"wp:featuredmedia":[{"embeddable":true,"href":"https:\/\/grupoplasma.com\/netcom\/wp-json\/wp\/v2\/media\/11169"}],"wp:attachment":[{"href":"https:\/\/grupoplasma.com\/netcom\/wp-json\/wp\/v2\/media?parent=11168"}],"wp:term":[{"taxonomy":"product_brand","embeddable":true,"href":"https:\/\/grupoplasma.com\/netcom\/wp-json\/wp\/v2\/product_brand?post=11168"},{"taxonomy":"product_cat","embeddable":true,"href":"https:\/\/grupoplasma.com\/netcom\/wp-json\/wp\/v2\/product_cat?post=11168"},{"taxonomy":"product_tag","embeddable":true,"href":"https:\/\/grupoplasma.com\/netcom\/wp-json\/wp\/v2\/product_tag?post=11168"}],"curies":[{"name":"wp","href":"https:\/\/api.w.org\/{rel}","templated":true}]}}