{"id":10899,"date":"2024-11-28T22:47:09","date_gmt":"2024-11-28T22:47:09","guid":{"rendered":"https:\/\/grupoplasma.com\/netcom\/?post_type=product&#038;p=10899"},"modified":"2024-11-28T22:47:09","modified_gmt":"2024-11-28T22:47:09","slug":"adaptador-usb-c-4-en-1","status":"publish","type":"product","link":"https:\/\/grupoplasma.com\/netcom\/producto\/adaptador-usb-c-4-en-1\/","title":{"rendered":"Adaptador USB-C 4 en 1"},"content":{"rendered":"<div dir=\"auto\">Este adaptador USB C a HDMI dual 4K es la soluci\u00f3n definitiva para conectar tus dispositivos con facilidad y comodidad. El adaptador le permite conectar dos pantallas HDMI con resoluciones de hasta 4K, ofreciendo impresionantes im\u00e1genes que mejoran su experiencia de visualizaci\u00f3n. Con m\u00faltiples puertos, incluyendo un puerto USB y un puerto PD, el adaptador proporciona carga r\u00e1pida y transferencia de datos para todos sus dispositivos. Ya sea que necesites conectar tu laptop, smartphone o tableta. Soporta 4K 30Hz usando los 2 puertos HDMI, 4K 60Hz si se usa solo 1 HDMI, velocidad de 5Gbps por el puerto USB y 87W por el PD.<\/div>\n<div dir=\"auto\">Dise\u00f1ado para dispositivos equipados con un puerto tipo C o puerto Thunderbolt 3 que admite video, este adaptador es compacto y ligero, por lo que es perfecto para viajar o usar en casa. Es f\u00e1cil de transportar y almacenar, y puedes llevarlo contigo donde quiera que vayas. El adaptador USB C a HDMI dual 4K no solo es conveniente, sino tambi\u00e9n confiable y duradero. Est\u00e1 fabricado con materiales de alta calidad y tecnolog\u00eda avanzada, lo que garantiza que pueda soportar el desgaste diario del uso regular. Con sus m\u00faltiples puertos, dise\u00f1o compacto y rendimiento confiable, es el adaptador ideal para todas sus necesidades.. Fuerte resistencia al calor ya que adopta un acabado ionizado de aleaci\u00f3n de aluminio uni-cuerpo, elegante y compacto, compatible con Plug and Play.<\/div>\n<div dir=\"auto\">Nota: Para garantizar plena funcionalidad del adaptador, el puerto USB-C de su computador port\u00e1til debe ser compatible con la entrega de potencia por USB y el modo Alt (alternativo) de<\/div>\n<div dir=\"auto\">Marca 100% peruana, producto avalado por la garant\u00eda de NETCOM y con soporte t\u00e9cnico gratuito de por vida.<\/div>\n","protected":false},"excerpt":{"rendered":"<div dir=\"auto\">Este adaptador USB C a HDMI dual 4K es la soluci\u00f3n definitiva para conectar tus dispositivos con facilidad y comodidad. El adaptador le permite conectar dos pantallas HDMI con resoluciones de hasta 4K, ofreciendo impresionantes im\u00e1genes que mejoran su experiencia de visualizaci\u00f3n. Con m\u00faltiples puertos, incluyendo un puerto USB y un puerto PD, el adaptador proporciona carga r\u00e1pida y transferencia de datos para todos sus dispositivos. Ya sea que necesites conectar tu laptop, smartphone o tableta. Soporta 4K 30Hz usando los 2 puertos HDMI, 4K 60Hz si se usa solo 1 HDMI, velocidad de 5Gbps por el puerto USB y 87W por el PD.<\/div>\n<div dir=\"auto\">Marca: NETCOM<\/div>\n<div dir=\"auto\">Modelo: PE-TA0401<\/div>\n<div dir=\"auto\">Versi\u00f3n: 2025<\/div>\n<div dir=\"auto\"><\/div>\n<div dir=\"auto\"><\/div>\n","protected":false},"featured_media":10900,"template":"","meta":[],"product_brand":[],"product_cat":[147,162],"product_tag":[],"class_list":{"0":"post-10899","1":"product","2":"type-product","3":"status-publish","4":"has-post-thumbnail","6":"product_cat-adaptadores","7":"product_cat-adaptadores-usb","10":"first","11":"instock","12":"shipping-taxable","13":"product-type-simple"},"_links":{"self":[{"href":"https:\/\/grupoplasma.com\/netcom\/wp-json\/wp\/v2\/product\/10899","targetHints":{"allow":["GET"]}}],"collection":[{"href":"https:\/\/grupoplasma.com\/netcom\/wp-json\/wp\/v2\/product"}],"about":[{"href":"https:\/\/grupoplasma.com\/netcom\/wp-json\/wp\/v2\/types\/product"}],"wp:featuredmedia":[{"embeddable":true,"href":"https:\/\/grupoplasma.com\/netcom\/wp-json\/wp\/v2\/media\/10900"}],"wp:attachment":[{"href":"https:\/\/grupoplasma.com\/netcom\/wp-json\/wp\/v2\/media?parent=10899"}],"wp:term":[{"taxonomy":"product_brand","embeddable":true,"href":"https:\/\/grupoplasma.com\/netcom\/wp-json\/wp\/v2\/product_brand?post=10899"},{"taxonomy":"product_cat","embeddable":true,"href":"https:\/\/grupoplasma.com\/netcom\/wp-json\/wp\/v2\/product_cat?post=10899"},{"taxonomy":"product_tag","embeddable":true,"href":"https:\/\/grupoplasma.com\/netcom\/wp-json\/wp\/v2\/product_tag?post=10899"}],"curies":[{"name":"wp","href":"https:\/\/api.w.org\/{rel}","templated":true}]}}