{"id":10689,"date":"2024-03-18T17:36:19","date_gmt":"2024-03-18T17:36:19","guid":{"rendered":"https:\/\/grupoplasma.com\/netcom\/?post_type=product&#038;p=10689"},"modified":"2024-03-18T17:36:19","modified_gmt":"2024-03-18T17:36:19","slug":"herramienta-de-impacto-impact-tool","status":"publish","type":"product","link":"https:\/\/grupoplasma.com\/netcom\/producto\/herramienta-de-impacto-impact-tool\/","title":{"rendered":"Herramienta de Impacto \u2013 Impact Tool"},"content":{"rendered":"<div dir=\"auto\">Esta herramienta perforadora NETCOM inserta y corta terminaciones en una operaci\u00f3n simple para cables de red CAT5\/6, CAT5E\/6E. Instale los cables en una toma de tel\u00e9fono, placa frontal CAT5E o panel de conexiones.<\/div>\n<div dir=\"auto\">El soporte de cuchilla de bloqueo giratorio permite un reemplazo r\u00e1pido y f\u00e1cil de la hoja y evita que las cuchillas se caigan, dise\u00f1ado con un soporte giratorio y de bloqueo en el extremo del mango para el almacenamiento de la hoja de repuesto que ayuda a evitar la p\u00e9rdida de la hoja.<\/div>\n<div dir=\"auto\">\u2022 Marca: NETCOM.<\/div>\n<div dir=\"auto\">\u2022 Modelo: PE-ET0048.<\/div>\n<div dir=\"auto\">\u2022 Versi\u00f3n: 2024.<\/div>\n<div dir=\"auto\"><\/div>\n","protected":false},"excerpt":{"rendered":"<div dir=\"auto\">Esta herramienta perforadora NETCOM inserta y corta terminaciones en una operaci\u00f3n simple para cables de red CAT5\/6, CAT5E\/6E. Instale los cables en una toma de tel\u00e9fono, placa frontal CAT5E o panel de conexiones.<\/div>\n<div dir=\"auto\">El soporte de cuchilla de bloqueo giratorio permite un reemplazo r\u00e1pido y f\u00e1cil de la hoja y evita que las cuchillas se caigan, dise\u00f1ado con un soporte giratorio y de bloqueo en el extremo del mango para el almacenamiento de la hoja de repuesto que ayuda a evitar la p\u00e9rdida de la hoja.<\/div>\n<div dir=\"auto\">Equipado con dos especificaciones de cuchillas para reemplazo (110\/88 y 110\/66), el cabezal de corte est\u00e1 hecho de materiales de alta calidad, duraderos y precisos, reduciendo la frecuencia de reemplazo, dise\u00f1ada con un agarre c\u00f3modo f\u00e1cil de manejar.<\/div>\n<div dir=\"auto\">Detalles de la Herramienta:<\/div>\n<div dir=\"auto\">Gire para reemplazar la cuchilla. La secci\u00f3n central est\u00e1 empotrada para un f\u00e1cil agarre, te ayuda a operar mejor.<\/div>\n<div dir=\"auto\">Almacenamiento de hoja. La hoja se almacena al final del mango.<\/div>\n<div dir=\"auto\">F\u00e1cil de usar. La herramienta perforadora inserta y corta las terminaciones en una operaci\u00f3n simple para CAT5\/6, CAT5E\/6E network cables. Instale los cables en una toma de tel\u00e9fono, placa frontal CAT5E o panel de conexi\u00f3n.<\/div>\n<div dir=\"auto\">Alta calidad. El cabezal de la herramienta est\u00e1 hecho de material de alta calidad, lo que lo hace duradero, te ayuda a recortar y prensar con precisi\u00f3n.<\/div>\n<div dir=\"auto\">Marca 100% peruana, producto avalado por la garant\u00eda de NETCOM y con soporte t\u00e9cnico gratuito de por vida.<\/div>\n","protected":false},"featured_media":10690,"template":"","meta":[],"product_brand":[],"product_cat":[169],"product_tag":[],"class_list":{"0":"post-10689","1":"product","2":"type-product","3":"status-publish","4":"has-post-thumbnail","6":"product_cat-accesorios","9":"first","10":"instock","11":"shipping-taxable","12":"product-type-simple"},"_links":{"self":[{"href":"https:\/\/grupoplasma.com\/netcom\/wp-json\/wp\/v2\/product\/10689","targetHints":{"allow":["GET"]}}],"collection":[{"href":"https:\/\/grupoplasma.com\/netcom\/wp-json\/wp\/v2\/product"}],"about":[{"href":"https:\/\/grupoplasma.com\/netcom\/wp-json\/wp\/v2\/types\/product"}],"wp:featuredmedia":[{"embeddable":true,"href":"https:\/\/grupoplasma.com\/netcom\/wp-json\/wp\/v2\/media\/10690"}],"wp:attachment":[{"href":"https:\/\/grupoplasma.com\/netcom\/wp-json\/wp\/v2\/media?parent=10689"}],"wp:term":[{"taxonomy":"product_brand","embeddable":true,"href":"https:\/\/grupoplasma.com\/netcom\/wp-json\/wp\/v2\/product_brand?post=10689"},{"taxonomy":"product_cat","embeddable":true,"href":"https:\/\/grupoplasma.com\/netcom\/wp-json\/wp\/v2\/product_cat?post=10689"},{"taxonomy":"product_tag","embeddable":true,"href":"https:\/\/grupoplasma.com\/netcom\/wp-json\/wp\/v2\/product_tag?post=10689"}],"curies":[{"name":"wp","href":"https:\/\/api.w.org\/{rel}","templated":true}]}}