{"id":10472,"date":"2023-02-21T22:42:48","date_gmt":"2023-02-21T22:42:48","guid":{"rendered":"https:\/\/grupoplasma.com\/netcom\/?post_type=product&#038;p=10472"},"modified":"2023-02-21T22:42:48","modified_gmt":"2023-02-21T22:42:48","slug":"cable-de-datos-sata-3-0","status":"publish","type":"product","link":"https:\/\/grupoplasma.com\/netcom\/producto\/cable-de-datos-sata-3-0\/","title":{"rendered":"Cable de Datos SATA 3.0"},"content":{"rendered":"<p>Este cable sata esta dise\u00f1ado para conectar placas base y controladores host a discos duros Serial ATA internos y unidades de CD-RW, DVDs y otros dispositivos, actualizando r\u00e1pidamente su computadora para un almacenamiento ampliado.<br \/>\nCompatible con las especificaciones para SATA 6Gb\/s, este cable SATA admite transferencias de datos r\u00e1pidas a velocidades de hasta 6Gbps cuando se utiliza con unidades compatibles con SATA 3.0.<br \/>\nConectores SATA de \u00e1ngulo recto, el cable SATA incluye conectores met\u00e1licos con cierre que evitan las desconexiones accidentales al conectarse con sus unidades de disco duro SATA. Dise\u00f1ado para conectar discos duros Serial ATA internos, SSD y unidades \u00f3pticas a placas base y controladores host. Totalmente compatible con la especificaci\u00f3n SATA III, permitiendo velocidades de transferencia de datos de hasta 6 Gbit\/s (600 MB\/s). Compatible con SSD de 2,5&#8243;, discos duros de 3,5&#8243;, unidades \u00f3pticas, controladores RAID, ordenadores integrados y controladores ers.<\/p>\n<p>Producto avalado por la garant\u00eda de NETCOM y con soporte t\u00e9cnico gratuito de por vida.<\/p>\n","protected":false},"excerpt":{"rendered":"<p>Este cable sata esta dise\u00f1ado para conectar placas base y controladores host a discos duros Serial ATA internos y unidades de CD-RW, DVDs y otros dispositivos, actualizando r\u00e1pidamente su computadora para un almacenamiento ampliado.<br \/>\nCompatible con las especificaciones para SATA 6Gb\/s, este cable SATA admite transferencias de datos r\u00e1pidas a velocidades de hasta 6Gbps cuando se utiliza con unidades compatibles con SATA 3.0.<\/p>\n<p>Marca: NETCOM<br \/>\nModelo: PE-DS0004<br \/>\nVersi\u00f3n: 2023<br \/>\nNETCOM es una marca 100% peruana<\/p>\n","protected":false},"featured_media":10473,"template":"","meta":[],"product_brand":[],"product_cat":[171],"product_tag":[],"class_list":{"0":"post-10472","1":"product","2":"type-product","3":"status-publish","4":"has-post-thumbnail","6":"product_cat-cables-sata","9":"first","10":"instock","11":"shipping-taxable","12":"product-type-simple"},"_links":{"self":[{"href":"https:\/\/grupoplasma.com\/netcom\/wp-json\/wp\/v2\/product\/10472","targetHints":{"allow":["GET"]}}],"collection":[{"href":"https:\/\/grupoplasma.com\/netcom\/wp-json\/wp\/v2\/product"}],"about":[{"href":"https:\/\/grupoplasma.com\/netcom\/wp-json\/wp\/v2\/types\/product"}],"wp:featuredmedia":[{"embeddable":true,"href":"https:\/\/grupoplasma.com\/netcom\/wp-json\/wp\/v2\/media\/10473"}],"wp:attachment":[{"href":"https:\/\/grupoplasma.com\/netcom\/wp-json\/wp\/v2\/media?parent=10472"}],"wp:term":[{"taxonomy":"product_brand","embeddable":true,"href":"https:\/\/grupoplasma.com\/netcom\/wp-json\/wp\/v2\/product_brand?post=10472"},{"taxonomy":"product_cat","embeddable":true,"href":"https:\/\/grupoplasma.com\/netcom\/wp-json\/wp\/v2\/product_cat?post=10472"},{"taxonomy":"product_tag","embeddable":true,"href":"https:\/\/grupoplasma.com\/netcom\/wp-json\/wp\/v2\/product_tag?post=10472"}],"curies":[{"name":"wp","href":"https:\/\/api.w.org\/{rel}","templated":true}]}}