{"id":10424,"date":"2023-02-17T22:22:15","date_gmt":"2023-02-17T22:22:15","guid":{"rendered":"https:\/\/grupoplasma.com\/netcom\/?post_type=product&#038;p=10424"},"modified":"2025-11-04T19:31:54","modified_gmt":"2025-11-04T19:31:54","slug":"cable-adaptador-displayport-a-vga-de-1-80-metro","status":"publish","type":"product","link":"https:\/\/grupoplasma.com\/netcom\/producto\/cable-adaptador-displayport-a-vga-de-1-80-metro\/","title":{"rendered":"Cable Adaptador DisplayPort a VGA de 1.80 Metros"},"content":{"rendered":"<p>Este cable DisplayPort a VGA (M-M), permite conectar una pantalla VGA a una tarjeta de video\/fuente DisplayPort. El cable proporciona una distancia de conexi\u00f3n de 1.80 metros y dispone de un conector VGA macho y un conector DisplayPort macho. El cable adaptador DisplayPort a VGA soporta transmisiones de video con alto ancho de banda por lo que ofrece f\u00e1cilmente resoluciones de pantalla de hasta 1920&#215;1200 o resoluciones HDTV de hasta 1080p, permitiendo no s\u00f3lo aprovechar todo el potencial de la pantalla VGA sino tambi\u00e9n utilizar una fuente de video DisplayPort.<\/p>\n<p>El cable DisplayPort a VGA es una transmisi\u00f3n unidireccional, solo convierte DisplayPort (dispositivo de origen: tarjetas gr\u00e1ficas \/ port\u00e1tiles \/ reproductores de Blu Ray) a VGA (dispositivo de visualizaci\u00f3n: monitores externos \/ proyectores \/ televisores de plasma \/ LCD).<\/p>\n<p>La chaqueta trenzada de nailon con una vida \u00fatil de m\u00e1s de 15000 curvas le brinda un cable DisplayPort a VGA de alta resistencia. Los conectores enchapados en oro de 24 quilates no se empa\u00f1ar\u00e1n ni disminuir\u00e1n la conductividad con el tiempo. La carcasa de aluminio premium maximiza efectivamente la disipaci\u00f3n de calor. Hay una arquitectura de reloj integrada para ayudar a reducir la susceptibilidad de EMI y garantizar una transmisi\u00f3n de se\u00f1al estable.<\/p>\n<p><strong>Nota:<\/strong><\/p>\n<p>El cable VGA es solo un cable de video y no puede enviar una se\u00f1al de audio.<\/p>\n<p>&nbsp;<\/p>\n","protected":false},"excerpt":{"rendered":"<p>Este cable DisplayPort a VGA (M-M), permite conectar una pantalla VGA a una tarjeta de video\/fuente DisplayPort. El cable proporciona una distancia de conexi\u00f3n de 1.80 metros y dispone de un conector VGA macho y un conector DisplayPort macho. El cable adaptador DisplayPort a VGA soporta transmisiones de video con alto ancho de banda por lo que ofrece f\u00e1cilmente resoluciones de pantalla de hasta 1920&#215;1200 o resoluciones HDTV de hasta 1080p, permitiendo no s\u00f3lo aprovechar todo el potencial de la pantalla VGA sino tambi\u00e9n utilizar una fuente de video DisplayPort.<\/p>\n<ul>\n<li>Marca: NETCOM.<\/li>\n<li>Modelo: PE-DP0173.<\/li>\n<\/ul>\n<p>Marca 100% peruana, producto avalado por la garant\u00eda de NETCOM y con soporte t\u00e9cnico gratuito de por vida.<\/p>\n","protected":false},"featured_media":10949,"template":"","meta":[],"product_brand":[],"product_cat":[164],"product_tag":[],"class_list":{"0":"post-10424","1":"product","2":"type-product","3":"status-publish","4":"has-post-thumbnail","6":"product_cat-adaptadores-de-a-v","9":"first","10":"instock","11":"shipping-taxable","12":"product-type-simple"},"_links":{"self":[{"href":"https:\/\/grupoplasma.com\/netcom\/wp-json\/wp\/v2\/product\/10424","targetHints":{"allow":["GET"]}}],"collection":[{"href":"https:\/\/grupoplasma.com\/netcom\/wp-json\/wp\/v2\/product"}],"about":[{"href":"https:\/\/grupoplasma.com\/netcom\/wp-json\/wp\/v2\/types\/product"}],"wp:featuredmedia":[{"embeddable":true,"href":"https:\/\/grupoplasma.com\/netcom\/wp-json\/wp\/v2\/media\/10949"}],"wp:attachment":[{"href":"https:\/\/grupoplasma.com\/netcom\/wp-json\/wp\/v2\/media?parent=10424"}],"wp:term":[{"taxonomy":"product_brand","embeddable":true,"href":"https:\/\/grupoplasma.com\/netcom\/wp-json\/wp\/v2\/product_brand?post=10424"},{"taxonomy":"product_cat","embeddable":true,"href":"https:\/\/grupoplasma.com\/netcom\/wp-json\/wp\/v2\/product_cat?post=10424"},{"taxonomy":"product_tag","embeddable":true,"href":"https:\/\/grupoplasma.com\/netcom\/wp-json\/wp\/v2\/product_tag?post=10424"}],"curies":[{"name":"wp","href":"https:\/\/api.w.org\/{rel}","templated":true}]}}